{"id":820,"date":"2020-07-24T22:18:29","date_gmt":"2020-07-25T03:18:29","guid":{"rendered":"https:\/\/unefortalezaydesarrollo.com\/certificacion\/?post_type=product&#038;p=820"},"modified":"2022-06-10T11:46:01","modified_gmt":"2022-06-10T16:46:01","slug":"examen-titulo-tramites-y-cedula-conocer","status":"publish","type":"product","link":"https:\/\/unefortalezaydesarrollo.com\/certificacion\/product\/examen-titulo-tramites-y-cedula-conocer\/","title":{"rendered":"Examen, T\u00edtulo, Tr\u00e1mites y C\u00e9dula (CONOCER)"},"content":{"rendered":"<p>Para poder certificarte como <strong>Coach numerol\u00f3gico de vida (Coach transformacional)<\/strong> <em>con los est\u00e1ndares de competencia EC0204 y EC0234<\/em> debes haber <strong>cursado y acreditado las ocho materias integrales y haber realizado el Curso C\u00f3digo \u00e9tico y deontol\u00f3gico del Coach<\/strong>, en el que se realiza el <em>Proyecto Integrador de Competencias<\/em> y la preparaci\u00f3n para el examen.<\/p>\n<p>Si a\u00fan no obtienes el documento de Constancia de Finalizaci\u00f3n de Estudios, no realices ning\u00fan pago y <a href=\"\/certificacion\/contacto\/\">cont\u00e1ctanos<\/a> para conocer el estado de tu tr\u00e1mite.<\/p>\n","protected":false},"excerpt":{"rendered":"<p>Pago por los tr\u00e1mites de titulaci\u00f3n para certificarte como Coach numerol\u00f3gico de vida (Coach transformacional) con los est\u00e1ndares de competencia EC0204 y EC0234.<\/p>\n","protected":false},"featured_media":14,"comment_status":"open","ping_status":"closed","template":"","meta":{"_coblocks_attr":"","_coblocks_dimensions":"","_coblocks_responsive_height":"","_coblocks_accordion_ie_support":""},"product_brand":[],"product_cat":[53],"product_tag":[39,44],"class_list":{"0":"post-820","1":"product","2":"type-product","3":"status-publish","4":"has-post-thumbnail","6":"product_cat-historico","7":"product_tag-proceso-administrativo","8":"product_tag-titulacion","10":"first","11":"instock","12":"virtual","13":"taxable","14":"purchasable","15":"product-type-simple"},"jetpack_sharing_enabled":true,"_links":{"self":[{"href":"https:\/\/unefortalezaydesarrollo.com\/certificacion\/wp-json\/wp\/v2\/product\/820","targetHints":{"allow":["GET"]}}],"collection":[{"href":"https:\/\/unefortalezaydesarrollo.com\/certificacion\/wp-json\/wp\/v2\/product"}],"about":[{"href":"https:\/\/unefortalezaydesarrollo.com\/certificacion\/wp-json\/wp\/v2\/types\/product"}],"replies":[{"embeddable":true,"href":"https:\/\/unefortalezaydesarrollo.com\/certificacion\/wp-json\/wp\/v2\/comments?post=820"}],"wp:featuredmedia":[{"embeddable":true,"href":"https:\/\/unefortalezaydesarrollo.com\/certificacion\/wp-json\/wp\/v2\/media\/14"}],"wp:attachment":[{"href":"https:\/\/unefortalezaydesarrollo.com\/certificacion\/wp-json\/wp\/v2\/media?parent=820"}],"wp:term":[{"taxonomy":"product_brand","embeddable":true,"href":"https:\/\/unefortalezaydesarrollo.com\/certificacion\/wp-json\/wp\/v2\/product_brand?post=820"},{"taxonomy":"product_cat","embeddable":true,"href":"https:\/\/unefortalezaydesarrollo.com\/certificacion\/wp-json\/wp\/v2\/product_cat?post=820"},{"taxonomy":"product_tag","embeddable":true,"href":"https:\/\/unefortalezaydesarrollo.com\/certificacion\/wp-json\/wp\/v2\/product_tag?post=820"}],"curies":[{"name":"wp","href":"https:\/\/api.w.org\/{rel}","templated":true}]}}