{"id":784,"date":"2020-07-22T16:40:52","date_gmt":"2020-07-22T21:40:52","guid":{"rendered":"https:\/\/unefortalezaydesarrollo.com\/certificacion\/?post_type=product&#038;p=784"},"modified":"2022-04-17T16:48:01","modified_gmt":"2022-04-17T21:48:01","slug":"curso-biodescodificacion-2021","status":"publish","type":"product","link":"https:\/\/unefortalezaydesarrollo.com\/certificacion\/product\/curso-biodescodificacion-2021\/","title":{"rendered":"1. Curso Biodescodificaci\u00f3n y Psicomagia 2021"},"content":{"rendered":"<h4>\u00bfQu\u00e9 es la biodescodificaci\u00f3n?<\/h4>\n<p>La <strong>Biolog\u00eda de la Transformaci\u00f3n<\/strong> o <strong>Biolog\u00eda de las Creencias<\/strong>. <em>\u00abEl mayor obst\u00e1culo para conseguir el \u00e9xito en aquello que so\u00f1amos, son las limitaciones [codificaciones] programadas en el subconsciente. No vemos el mundo como es, vemos el mundo como somos [como nos programaron para verlo]. Somos &#8216;v\u00edctimas&#8217; de nuestras creencias, pero podemos cambiarlas.\u00bb Dr. Bruce Lipton<\/em>.<\/p>\n<p>Para poder acceder a una nueva biolog\u00eda y a una nueva forma de expresar una verdadera congruencia entre lo que se dice, se hace y se piensa; hay que tomar distancia, poder ver las situaciones desde un nuevo \u00e1ngulo, donde tomamos nuestra parte de responsabilidad en el proceso creativo de la realidad y dejar ir tanto a personas como a situaciones que nos enferman.<\/p>\n<p>Tomar distancia tanto f\u00edsica como emocionalmente nos permitir\u00e1 desintoxicar nuestro sistema de creencias, percibir nuevas alternativas de soluci\u00f3n y enfrentar la vida con nuevos paradigmas.<\/p>\n","protected":false},"excerpt":{"rendered":"<p>\u00bfQu\u00e9 es la biodescodificaci\u00f3n? La Biolog\u00eda de la Transformaci\u00f3n o Biolog\u00eda de las Creencias. \u00abEl mayor obst\u00e1culo para conseguir el \u00e9xito en aquello que so\u00f1amos, son las limitaciones [codificaciones] programadas en el subconsciente. No vemos el mundo como es, vemos el mundo como somos [como nos programaron para verlo]. Somos<\/p>\n","protected":false},"featured_media":10,"comment_status":"open","ping_status":"closed","template":"","meta":{"_coblocks_attr":"","_coblocks_dimensions":"","_coblocks_responsive_height":"","_coblocks_accordion_ie_support":""},"product_brand":[],"product_cat":[53],"product_tag":[],"class_list":{"0":"post-784","1":"product","2":"type-product","3":"status-publish","4":"has-post-thumbnail","6":"product_cat-historico","8":"first","9":"outofstock","10":"virtual","11":"sold-individually","12":"taxable","13":"purchasable","14":"product-type-simple"},"jetpack_sharing_enabled":true,"_links":{"self":[{"href":"https:\/\/unefortalezaydesarrollo.com\/certificacion\/wp-json\/wp\/v2\/product\/784","targetHints":{"allow":["GET"]}}],"collection":[{"href":"https:\/\/unefortalezaydesarrollo.com\/certificacion\/wp-json\/wp\/v2\/product"}],"about":[{"href":"https:\/\/unefortalezaydesarrollo.com\/certificacion\/wp-json\/wp\/v2\/types\/product"}],"replies":[{"embeddable":true,"href":"https:\/\/unefortalezaydesarrollo.com\/certificacion\/wp-json\/wp\/v2\/comments?post=784"}],"wp:featuredmedia":[{"embeddable":true,"href":"https:\/\/unefortalezaydesarrollo.com\/certificacion\/wp-json\/wp\/v2\/media\/10"}],"wp:attachment":[{"href":"https:\/\/unefortalezaydesarrollo.com\/certificacion\/wp-json\/wp\/v2\/media?parent=784"}],"wp:term":[{"taxonomy":"product_brand","embeddable":true,"href":"https:\/\/unefortalezaydesarrollo.com\/certificacion\/wp-json\/wp\/v2\/product_brand?post=784"},{"taxonomy":"product_cat","embeddable":true,"href":"https:\/\/unefortalezaydesarrollo.com\/certificacion\/wp-json\/wp\/v2\/product_cat?post=784"},{"taxonomy":"product_tag","embeddable":true,"href":"https:\/\/unefortalezaydesarrollo.com\/certificacion\/wp-json\/wp\/v2\/product_tag?post=784"}],"curies":[{"name":"wp","href":"https:\/\/api.w.org\/{rel}","templated":true}]}}