{"id":782,"date":"2020-07-22T16:29:05","date_gmt":"2020-07-22T21:29:05","guid":{"rendered":"https:\/\/unefortalezaydesarrollo.com\/certificacion\/?post_type=product&#038;p=782"},"modified":"2023-01-19T14:29:15","modified_gmt":"2023-01-19T20:29:15","slug":"curso-psicologia-positiva-2020","status":"publish","type":"product","link":"https:\/\/unefortalezaydesarrollo.com\/certificacion\/product\/curso-psicologia-positiva-2020\/","title":{"rendered":"4. Curso Psicolog\u00eda Positiva 2020"},"content":{"rendered":"<h4>\u00bfQu\u00e9 es la psicolog\u00eda positiva?<\/h4>\n<p>El t\u00e9rmino psicolog\u00eda positiva fue utilizado por primera vez por Maslow en su libro Motivaci\u00f3n y personalidad (1954). En este libro, escribi\u00f3 un cap\u00edtulo llamado \u00abHacia una psicolog\u00eda positiva\u00bb. En este cap\u00edtulo, Maslow escribi\u00f3: \u201cLa ciencia de la psicolog\u00eda ha tenido mucho m\u00e1s \u00e9xito en el lado negativo que en el positivo; nos ha revelado mucho sobre las deficiencias del hombre, sus enfermedades, sus pecados, pero poco sobre sus potencialidades, sus virtudes, sus aspiraciones alcanzables o su altura psicol\u00f3gica total. Es como si la psicolog\u00eda se hubiera restringido voluntariamente a solo la mitad de su jurisdicci\u00f3n leg\u00edtima, y \u200b\u200bque la mitad m\u00e1s oscura y m\u00e1s mala\u201d.<\/p>\n<p>La psicolog\u00eda humanista fue una reacci\u00f3n a la visi\u00f3n del funcionamiento humano reflejada por el psicoan\u00e1lisis y el conductismo. Seg\u00fan la psicolog\u00eda humanista, los individuos est\u00e1n formados por un impulso innato para hacer de s\u00ed mismos y del mundo un lugar mejor.<\/p>\n<p>Adem\u00e1s, mientras que el psicoan\u00e1lisis se refer\u00eda principalmente al lado negativo del funcionamiento humano, abordando temas como la neurosis y la psicosis, la psicolog\u00eda humanista se centra principalmente en el lado positivo del funcionamiento humano.<\/p>\n","protected":false},"excerpt":{"rendered":"<p>\u00bfQu\u00e9 es la psicolog\u00eda positiva? El t\u00e9rmino psicolog\u00eda positiva fue utilizado por primera vez por Maslow en su libro Motivaci\u00f3n y personalidad (1954). En este libro, escribi\u00f3 un cap\u00edtulo llamado \u00abHacia una psicolog\u00eda positiva\u00bb. En este cap\u00edtulo, Maslow escribi\u00f3: \u201cLa ciencia de la psicolog\u00eda ha tenido mucho m\u00e1s \u00e9xito en<\/p>\n","protected":false},"featured_media":15,"comment_status":"open","ping_status":"closed","template":"","meta":{"_coblocks_attr":"","_coblocks_dimensions":"","_coblocks_responsive_height":"","_coblocks_accordion_ie_support":""},"product_brand":[],"product_cat":[53],"product_tag":[],"class_list":{"0":"post-782","1":"product","2":"type-product","3":"status-publish","4":"has-post-thumbnail","6":"product_cat-historico","8":"first","9":"outofstock","10":"virtual","11":"sold-individually","12":"taxable","13":"purchasable","14":"product-type-simple"},"jetpack_sharing_enabled":true,"_links":{"self":[{"href":"https:\/\/unefortalezaydesarrollo.com\/certificacion\/wp-json\/wp\/v2\/product\/782","targetHints":{"allow":["GET"]}}],"collection":[{"href":"https:\/\/unefortalezaydesarrollo.com\/certificacion\/wp-json\/wp\/v2\/product"}],"about":[{"href":"https:\/\/unefortalezaydesarrollo.com\/certificacion\/wp-json\/wp\/v2\/types\/product"}],"replies":[{"embeddable":true,"href":"https:\/\/unefortalezaydesarrollo.com\/certificacion\/wp-json\/wp\/v2\/comments?post=782"}],"wp:featuredmedia":[{"embeddable":true,"href":"https:\/\/unefortalezaydesarrollo.com\/certificacion\/wp-json\/wp\/v2\/media\/15"}],"wp:attachment":[{"href":"https:\/\/unefortalezaydesarrollo.com\/certificacion\/wp-json\/wp\/v2\/media?parent=782"}],"wp:term":[{"taxonomy":"product_brand","embeddable":true,"href":"https:\/\/unefortalezaydesarrollo.com\/certificacion\/wp-json\/wp\/v2\/product_brand?post=782"},{"taxonomy":"product_cat","embeddable":true,"href":"https:\/\/unefortalezaydesarrollo.com\/certificacion\/wp-json\/wp\/v2\/product_cat?post=782"},{"taxonomy":"product_tag","embeddable":true,"href":"https:\/\/unefortalezaydesarrollo.com\/certificacion\/wp-json\/wp\/v2\/product_tag?post=782"}],"curies":[{"name":"wp","href":"https:\/\/api.w.org\/{rel}","templated":true}]}}