{"id":3730,"date":"2023-07-09T06:00:26","date_gmt":"2023-07-09T11:00:26","guid":{"rendered":"https:\/\/unefortalezaydesarrollo.com\/certificacion\/?post_type=product&#038;p=3730"},"modified":"2023-08-08T18:05:46","modified_gmt":"2023-08-08T23:05:46","slug":"alineacion-y-asesoria-para-el-ec-1061","status":"publish","type":"product","link":"https:\/\/unefortalezaydesarrollo.com\/certificacion\/product\/alineacion-y-asesoria-para-el-ec-1061\/","title":{"rendered":"Proceso de Alineaci\u00f3n y Asesor\u00eda para el EC1061"},"content":{"rendered":"<p>Alineaci\u00f3n y Asesor\u00eda para la Evaluaci\u00f3n con fines de Certificaci\u00f3n en el <strong>EC 1061 &#8211; Liderazgo efectivo en las organizaciones<\/strong><\/p>\n","protected":false},"excerpt":{"rendered":"<p>Alineaci\u00f3n y Asesor\u00eda para la Evaluaci\u00f3n con fines de Certificaci\u00f3n en el <strong>EC 1061 &#8211; Liderazgo efectivo en las organizaciones<\/strong><\/p>\n","protected":false},"featured_media":251,"comment_status":"open","ping_status":"closed","template":"","meta":{"_coblocks_attr":"","_coblocks_dimensions":"","_coblocks_responsive_height":"","_coblocks_accordion_ie_support":""},"product_brand":[],"product_cat":[59,69],"product_tag":[70],"class_list":{"0":"post-3730","1":"product","2":"type-product","3":"status-publish","4":"has-post-thumbnail","6":"product_cat-alineaciones","7":"product_cat-liderazgo","8":"product_tag-liderazgo","10":"first","11":"instock","12":"sale","13":"virtual","14":"sold-individually","15":"taxable","16":"purchasable","17":"product-type-simple"},"jetpack_sharing_enabled":true,"_links":{"self":[{"href":"https:\/\/unefortalezaydesarrollo.com\/certificacion\/wp-json\/wp\/v2\/product\/3730","targetHints":{"allow":["GET"]}}],"collection":[{"href":"https:\/\/unefortalezaydesarrollo.com\/certificacion\/wp-json\/wp\/v2\/product"}],"about":[{"href":"https:\/\/unefortalezaydesarrollo.com\/certificacion\/wp-json\/wp\/v2\/types\/product"}],"replies":[{"embeddable":true,"href":"https:\/\/unefortalezaydesarrollo.com\/certificacion\/wp-json\/wp\/v2\/comments?post=3730"}],"wp:featuredmedia":[{"embeddable":true,"href":"https:\/\/unefortalezaydesarrollo.com\/certificacion\/wp-json\/wp\/v2\/media\/251"}],"wp:attachment":[{"href":"https:\/\/unefortalezaydesarrollo.com\/certificacion\/wp-json\/wp\/v2\/media?parent=3730"}],"wp:term":[{"taxonomy":"product_brand","embeddable":true,"href":"https:\/\/unefortalezaydesarrollo.com\/certificacion\/wp-json\/wp\/v2\/product_brand?post=3730"},{"taxonomy":"product_cat","embeddable":true,"href":"https:\/\/unefortalezaydesarrollo.com\/certificacion\/wp-json\/wp\/v2\/product_cat?post=3730"},{"taxonomy":"product_tag","embeddable":true,"href":"https:\/\/unefortalezaydesarrollo.com\/certificacion\/wp-json\/wp\/v2\/product_tag?post=3730"}],"curies":[{"name":"wp","href":"https:\/\/api.w.org\/{rel}","templated":true}]}}