{"id":3716,"date":"2023-07-05T05:00:25","date_gmt":"2023-07-05T10:00:25","guid":{"rendered":"https:\/\/unefortalezaydesarrollo.com\/certificacion\/?post_type=product&#038;p=3716"},"modified":"2023-08-10T15:18:14","modified_gmt":"2023-08-10T20:18:14","slug":"coaching-de-vida","status":"publish","type":"product","link":"https:\/\/unefortalezaydesarrollo.com\/certificacion\/product\/coaching-de-vida\/","title":{"rendered":"Coaching de vida"},"content":{"rendered":"<p>Transforma tu vida y ayuda a otros a alcanzar su m\u00e1ximo potencial<\/p>\n<p><strong>Duraci\u00f3n:<\/strong>\u00a08 horas<br \/>\n<strong>Instructor:\u00a0<\/strong>Ra\u00fal Ernesto G\u00edo, Coach<br \/>\n<strong>Modalidad:<\/strong>\u00a0Digital as\u00edncrona + s\u00edncrona\u00a0<em>(asesor\u00edas quincenales)<\/em><br \/>\n<strong>Costo individual:<\/strong>\u00a0$2,500 pesos mxn<br \/>\n<strong>Precio en Plan (PCCT): <\/strong>$2,000 pesos mxn<strong><br \/>\nRequisitos previos:<\/strong>\u00a0Ninguno<\/p>\n<p><strong>Descripci\u00f3n:<\/strong><br \/>\nEl curso de Coaching de vida es una formaci\u00f3n integral que te brinda las herramientas y habilidades necesarias para convertirte en un coach de vida profesional. Aprender\u00e1s t\u00e9cnicas efectivas de coaching, comunicaci\u00f3n persuasiva y desarrollo personal. Este curso te permitir\u00e1 ayudar a otros a identificar y alcanzar sus metas, mejorar su bienestar emocional y encontrar un mayor prop\u00f3sito en la vida.<\/p>\n<p><strong>Contenido:<\/strong><\/p>\n<ol>\n<li>Fundamentos del Coaching de vida<\/li>\n<li>T\u00e9cnicas de Coaching efectivas<\/li>\n<li>Desarrollo personal y bienestar<\/li>\n<\/ol>\n","protected":false},"excerpt":{"rendered":"<p>El curso de Coaching de vida es una formaci\u00f3n integral que te brinda las herramientas y habilidades necesarias para convertirte en un coach de vida profesional. Aprender\u00e1s t\u00e9cnicas efectivas de coaching, comunicaci\u00f3n persuasiva y desarrollo personal. Este curso te permitir\u00e1 ayudar a otros a identificar y alcanzar sus metas, mejorar su bienestar emocional y encontrar un mayor prop\u00f3sito en la vida.<\/p>\n","protected":false},"featured_media":3717,"comment_status":"open","ping_status":"closed","template":"","meta":{"_coblocks_attr":"","_coblocks_dimensions":"","_coblocks_responsive_height":"","_coblocks_accordion_ie_support":""},"product_brand":[],"product_cat":[67],"product_tag":[68],"class_list":{"0":"post-3716","1":"product","2":"type-product","3":"status-publish","4":"has-post-thumbnail","6":"product_cat-coaching","7":"product_tag-coaching","9":"first","10":"instock","11":"virtual","12":"sold-individually","13":"taxable","14":"purchasable","15":"product-type-simple"},"jetpack_sharing_enabled":true,"_links":{"self":[{"href":"https:\/\/unefortalezaydesarrollo.com\/certificacion\/wp-json\/wp\/v2\/product\/3716","targetHints":{"allow":["GET"]}}],"collection":[{"href":"https:\/\/unefortalezaydesarrollo.com\/certificacion\/wp-json\/wp\/v2\/product"}],"about":[{"href":"https:\/\/unefortalezaydesarrollo.com\/certificacion\/wp-json\/wp\/v2\/types\/product"}],"replies":[{"embeddable":true,"href":"https:\/\/unefortalezaydesarrollo.com\/certificacion\/wp-json\/wp\/v2\/comments?post=3716"}],"wp:featuredmedia":[{"embeddable":true,"href":"https:\/\/unefortalezaydesarrollo.com\/certificacion\/wp-json\/wp\/v2\/media\/3717"}],"wp:attachment":[{"href":"https:\/\/unefortalezaydesarrollo.com\/certificacion\/wp-json\/wp\/v2\/media?parent=3716"}],"wp:term":[{"taxonomy":"product_brand","embeddable":true,"href":"https:\/\/unefortalezaydesarrollo.com\/certificacion\/wp-json\/wp\/v2\/product_brand?post=3716"},{"taxonomy":"product_cat","embeddable":true,"href":"https:\/\/unefortalezaydesarrollo.com\/certificacion\/wp-json\/wp\/v2\/product_cat?post=3716"},{"taxonomy":"product_tag","embeddable":true,"href":"https:\/\/unefortalezaydesarrollo.com\/certificacion\/wp-json\/wp\/v2\/product_tag?post=3716"}],"curies":[{"name":"wp","href":"https:\/\/api.w.org\/{rel}","templated":true}]}}