{"id":3305,"date":"2023-02-16T22:29:53","date_gmt":"2023-02-17T04:29:53","guid":{"rendered":"https:\/\/unefortalezaydesarrollo.com\/certificacion\/?post_type=product&#038;p=3305"},"modified":"2023-07-08T18:49:23","modified_gmt":"2023-07-08T23:49:23","slug":"alineacion-al-ec0076","status":"publish","type":"product","link":"https:\/\/unefortalezaydesarrollo.com\/certificacion\/product\/alineacion-al-ec0076\/","title":{"rendered":"Alineaci\u00f3n al EC0076"},"content":{"rendered":"<p>Est\u00e1ndar de Competencia dirigido a personas que deban contar con conocimientos, habilidades, destrezas y actitudes para evaluar la competencia de personas con base en un Est\u00e1ndar de Competencia, por medio de sus diversas etapas: la preparaci\u00f3n de la evaluaci\u00f3n, la recopilaci\u00f3n de evidencias de la competencia de la persona, la emisi\u00f3n de un juicio de competencia y la presentaci\u00f3n de los resultados de la evaluaci\u00f3n.<\/p>\n","protected":false},"excerpt":{"rendered":"<p>EC0076 &#8211; Evaluaci\u00f3n de la competencia de candidatos con base en Est\u00e1ndares de Competencia<\/p>\n","protected":false},"featured_media":251,"comment_status":"open","ping_status":"closed","template":"","meta":{"_coblocks_attr":"","_coblocks_dimensions":"","_coblocks_responsive_height":"","_coblocks_accordion_ie_support":""},"product_brand":[],"product_cat":[59,53],"product_tag":[60,61,62],"class_list":{"0":"post-3305","1":"product","2":"type-product","3":"status-publish","4":"has-post-thumbnail","6":"product_cat-alineaciones","7":"product_cat-historico","8":"product_tag-certificacion","9":"product_tag-competencias","10":"product_tag-evaluacion","12":"first","13":"outofstock","14":"virtual","15":"sold-individually","16":"taxable","17":"purchasable","18":"product-type-simple"},"jetpack_sharing_enabled":true,"_links":{"self":[{"href":"https:\/\/unefortalezaydesarrollo.com\/certificacion\/wp-json\/wp\/v2\/product\/3305","targetHints":{"allow":["GET"]}}],"collection":[{"href":"https:\/\/unefortalezaydesarrollo.com\/certificacion\/wp-json\/wp\/v2\/product"}],"about":[{"href":"https:\/\/unefortalezaydesarrollo.com\/certificacion\/wp-json\/wp\/v2\/types\/product"}],"replies":[{"embeddable":true,"href":"https:\/\/unefortalezaydesarrollo.com\/certificacion\/wp-json\/wp\/v2\/comments?post=3305"}],"wp:featuredmedia":[{"embeddable":true,"href":"https:\/\/unefortalezaydesarrollo.com\/certificacion\/wp-json\/wp\/v2\/media\/251"}],"wp:attachment":[{"href":"https:\/\/unefortalezaydesarrollo.com\/certificacion\/wp-json\/wp\/v2\/media?parent=3305"}],"wp:term":[{"taxonomy":"product_brand","embeddable":true,"href":"https:\/\/unefortalezaydesarrollo.com\/certificacion\/wp-json\/wp\/v2\/product_brand?post=3305"},{"taxonomy":"product_cat","embeddable":true,"href":"https:\/\/unefortalezaydesarrollo.com\/certificacion\/wp-json\/wp\/v2\/product_cat?post=3305"},{"taxonomy":"product_tag","embeddable":true,"href":"https:\/\/unefortalezaydesarrollo.com\/certificacion\/wp-json\/wp\/v2\/product_tag?post=3305"}],"curies":[{"name":"wp","href":"https:\/\/api.w.org\/{rel}","templated":true}]}}