{"id":2970,"date":"2023-05-03T15:25:46","date_gmt":"2023-05-03T20:25:46","guid":{"rendered":"https:\/\/unefortalezaydesarrollo.com\/certificacion\/?post_type=product&#038;p=2970"},"modified":"2023-10-26T13:15:14","modified_gmt":"2023-10-26T18:15:14","slug":"3-practica-y-supervision-de-coaching-2023","status":"publish","type":"product","link":"https:\/\/unefortalezaydesarrollo.com\/certificacion\/product\/3-practica-y-supervision-de-coaching-2023\/","title":{"rendered":"3. Pr\u00e1ctica y supervisi\u00f3n de coaching 2023"},"content":{"rendered":"<p>En este curso integrar\u00e1s todas la herramientas aprendidas a lo largo del Diplomado y realizar\u00e1s <strong>Pr\u00e1cticas<\/strong> para prepararte para la vida profesional y para tu <strong>Evaluaci\u00f3n con fines de Certificaci\u00f3n<\/strong>.<\/p>\n<p>Durante este mismo curso te ayudaremos con la <strong>preparaci\u00f3n del examen escrito<\/strong> y te orientaremos en la din\u00e1mica de la Certificaci\u00f3n del CONOCER.<\/p>\n","protected":false},"excerpt":{"rendered":"<p>Curso de aplicaci\u00f3n del conocimiento.<\/p>\n","protected":false},"featured_media":90,"comment_status":"open","ping_status":"closed","template":"","meta":{"_coblocks_attr":"","_coblocks_dimensions":"","_coblocks_responsive_height":"","_coblocks_accordion_ie_support":""},"product_brand":[],"product_cat":[36,57],"product_tag":[],"class_list":{"0":"post-2970","1":"product","2":"type-product","3":"status-publish","4":"has-post-thumbnail","6":"product_cat-segundo-semestre","7":"product_cat-diplomado-cnt","9":"first","10":"instock","11":"virtual","12":"sold-individually","13":"taxable","14":"purchasable","15":"product-type-simple"},"jetpack_sharing_enabled":true,"_links":{"self":[{"href":"https:\/\/unefortalezaydesarrollo.com\/certificacion\/wp-json\/wp\/v2\/product\/2970","targetHints":{"allow":["GET"]}}],"collection":[{"href":"https:\/\/unefortalezaydesarrollo.com\/certificacion\/wp-json\/wp\/v2\/product"}],"about":[{"href":"https:\/\/unefortalezaydesarrollo.com\/certificacion\/wp-json\/wp\/v2\/types\/product"}],"replies":[{"embeddable":true,"href":"https:\/\/unefortalezaydesarrollo.com\/certificacion\/wp-json\/wp\/v2\/comments?post=2970"}],"wp:featuredmedia":[{"embeddable":true,"href":"https:\/\/unefortalezaydesarrollo.com\/certificacion\/wp-json\/wp\/v2\/media\/90"}],"wp:attachment":[{"href":"https:\/\/unefortalezaydesarrollo.com\/certificacion\/wp-json\/wp\/v2\/media?parent=2970"}],"wp:term":[{"taxonomy":"product_brand","embeddable":true,"href":"https:\/\/unefortalezaydesarrollo.com\/certificacion\/wp-json\/wp\/v2\/product_brand?post=2970"},{"taxonomy":"product_cat","embeddable":true,"href":"https:\/\/unefortalezaydesarrollo.com\/certificacion\/wp-json\/wp\/v2\/product_cat?post=2970"},{"taxonomy":"product_tag","embeddable":true,"href":"https:\/\/unefortalezaydesarrollo.com\/certificacion\/wp-json\/wp\/v2\/product_tag?post=2970"}],"curies":[{"name":"wp","href":"https:\/\/api.w.org\/{rel}","templated":true}]}}