{"id":826,"date":"2020-07-25T13:24:07","date_gmt":"2020-07-25T18:24:07","guid":{"rendered":"https:\/\/unefortalezaydesarrollo.com\/certificacion\/?page_id=826"},"modified":"2020-07-25T22:33:21","modified_gmt":"2020-07-26T03:33:21","slug":"terminos-y-condiciones","status":"publish","type":"page","link":"https:\/\/unefortalezaydesarrollo.com\/certificacion\/terminos-y-condiciones\/","title":{"rendered":"T\u00e9rminos y condiciones"},"content":{"rendered":"\n<h2 class=\"has-text-align-center wp-block-heading\">T\u00e9rminos y condiciones<\/h2>\n\n\n\n<h3 class=\"wp-block-heading\">Sobre los pagos en nuestra tienda en l\u00ednea<\/h3>\n\n\n\n<h4 class=\"wp-block-heading\">Cu\u00e1les son los medios de pago que puede utilizar<\/h4>\n\n\n\n<p>Por el momento s\u00f3lo estamos recibiendo pagos por medio de transferencias (puede utilizar su aplicaci\u00f3n bancaria o depositar en tiendas de conveniencia).<\/p>\n\n\n\n<p>Cuando se requiere podemos generar \u00f3rdenes de pago a trav\u00e9s PayPal*, por medio de una tarjeta bancaria de cr\u00e9dito (tambi\u00e9n aplican algunas tarjetas de d\u00e9bito), con alternativa de pago de contado o a 3 meses sin intereses, en compras m\u00ednimas de $6,700 pesos mexicanos.<\/p>\n\n\n\n<p><em>* Con PayPal sus datos est\u00e1n protegidos. No es indispensable contar con una cuenta de PayPal para realizar los pagos en l\u00ednea.<\/em><\/p>\n\n\n\n<h4 class=\"wp-block-heading\">C\u00f3mo puede solicitar una factura<\/h4>\n\n\n\n<div class=\"wp-block-image\"><figure class=\"alignright size-large is-resized\"><img loading=\"lazy\" decoding=\"async\" src=\"https:\/\/unefortalezaydesarrollo.com\/certificacion\/wp-content\/uploads\/2020\/07\/WhatsAppQR.jpeg\" alt=\"\" class=\"wp-image-827\" width=\"105\" height=\"105\" srcset=\"https:\/\/unefortalezaydesarrollo.com\/certificacion\/wp-content\/uploads\/2020\/07\/WhatsAppQR.jpeg 420w, https:\/\/unefortalezaydesarrollo.com\/certificacion\/wp-content\/uploads\/2020\/07\/WhatsAppQR-300x300.jpeg 300w, https:\/\/unefortalezaydesarrollo.com\/certificacion\/wp-content\/uploads\/2020\/07\/WhatsAppQR-150x150.jpeg 150w, https:\/\/unefortalezaydesarrollo.com\/certificacion\/wp-content\/uploads\/2020\/07\/WhatsAppQR-296x296.jpeg 296w, https:\/\/unefortalezaydesarrollo.com\/certificacion\/wp-content\/uploads\/2020\/07\/WhatsAppQR-100x100.jpeg 100w\" sizes=\"auto, (max-width: 105px) 100vw, 105px\" \/><\/figure><\/div>\n\n\n\n<p>Si lo requiere, puede solicitar su factura mediante un mensaje de Telegram, WhatsApp o por correo electr\u00f3nico a facturacion@unefortalezaydesarrollo.com indicando los datos de facturaci\u00f3n (Nombre completo, raz\u00f3n social, RFC, m\u00e9todo de pago, uso del cfdi, concepto requerido -si aplica-).<\/p>\n\n\n\n<p>En menos de 48 horas le contactar\u00e1 una persona del \u00e1rea administrativa para corroborar sus datos, generar la pre-factura de revisi\u00f3n y, al recibir su confirmaci\u00f3n, generar la factura electr\u00f3nica (cfdi) definitiva.<\/p>\n\n\n\n<p>Las facturas sobre la capacitaci\u00f3n no generan IVA.<\/p>\n\n\n\n<h3 class=\"wp-block-heading\">Sobre los servicios y productos que comercializamos<\/h3>\n\n\n\n<h4 class=\"wp-block-heading\">C\u00f3mo recibe su producto \/ servicio<\/h4>\n\n\n\n<div class=\"wp-block-image\"><figure class=\"alignright size-large is-resized\"><img loading=\"lazy\" decoding=\"async\" src=\"https:\/\/unefortalezaydesarrollo.com\/certificacion\/wp-content\/uploads\/2020\/07\/WhatsAppQR.jpeg\" alt=\"\" class=\"wp-image-827\" width=\"105\" height=\"105\" srcset=\"https:\/\/unefortalezaydesarrollo.com\/certificacion\/wp-content\/uploads\/2020\/07\/WhatsAppQR.jpeg 420w, https:\/\/unefortalezaydesarrollo.com\/certificacion\/wp-content\/uploads\/2020\/07\/WhatsAppQR-300x300.jpeg 300w, https:\/\/unefortalezaydesarrollo.com\/certificacion\/wp-content\/uploads\/2020\/07\/WhatsAppQR-150x150.jpeg 150w, https:\/\/unefortalezaydesarrollo.com\/certificacion\/wp-content\/uploads\/2020\/07\/WhatsAppQR-296x296.jpeg 296w, https:\/\/unefortalezaydesarrollo.com\/certificacion\/wp-content\/uploads\/2020\/07\/WhatsAppQR-100x100.jpeg 100w\" sizes=\"auto, (max-width: 105px) 100vw, 105px\" \/><\/figure><\/div>\n\n\n\n<p>Al recibir la confirmaci\u00f3n (comprobante) de su pago por medio de Telegram, WhatsApp o un correo electr\u00f3nico a pago@unefortalezaydesarrollo.com, recibir\u00e1 un mensaje de confirmaci\u00f3n en menos de 48 horas para proporcionarle la informaci\u00f3n de su compra:<\/p>\n\n\n\n<ul class=\"wp-block-list\"><li>En el caso de los cursos, recibir\u00e1 su n\u00famero de matr\u00edcula y la liga para conectarse a los cursos presenciales o grabados (seg\u00fan aplique).<\/li><li>En el caso de los productos descargables, recibir\u00e1 la liga para descargar el producto adquirido.<\/li><\/ul>\n\n\n\n<h4 class=\"wp-block-heading\">C\u00f3mo puede cancelar \/ devolver su compra<\/h4>\n\n\n\n<p>La pol\u00edtica de nuestra empresa y la naturaleza del servicio no permiten la cancelaci\u00f3n o devoluci\u00f3n de los servicios de capacitaci\u00f3n, una vez que estos ya fueron puestos a su disposici\u00f3n.<\/p>\n\n\n\n<p>La cancelaci\u00f3n debe realizarse con al menos 24 horas de anticipaci\u00f3n al inicio del curso, de lo contrario no aplicar\u00e1 la devoluci\u00f3n (-ver condiciones-).<\/p>\n\n\n\n<p>Cuando aplica, la devoluci\u00f3n es del 85% de la inversi\u00f3n, reteniendo el 15% por concepto de gastos administrativos derivados de la compra realizada.<\/p>\n\n\n\n<h3 class=\"wp-block-heading\">Sobre las garant\u00edas en los servicios<\/h3>\n\n\n\n<p>La principal garant\u00eda que podemos ofrecerle es que, si no cambia su actitud ni la forma en que hace las cosas, seguir\u00e1 obteniendo los mismos resultados.<\/p>\n\n\n\n<p>Tambi\u00e9n podemos garantizar que la \u00fanica forma de evolucionar es tener disposici\u00f3n (dis = separaci\u00f3n, modificaci\u00f3n; posici\u00f3n = puesto, ubicaci\u00f3n, lugar).<\/p>\n\n\n\n<h3 class=\"wp-block-heading\">Informaci\u00f3n de contacto<\/h3>\n\n\n\n<p>Se puede poner en contacto con nosotros por medio nuestra p\u00e1gina de contacto en Internet en <a href=\"https:\/\/unefortalezaydesarrollo.com\/certificacion\/contacto\/\">https:\/\/unefortalezaydesarrollo.com\/certificacion\/contacto\/<\/a>.<\/p>\n\n\n\n<div class=\"wp-block-image\"><figure class=\"alignright size-large is-resized\"><img loading=\"lazy\" decoding=\"async\" src=\"https:\/\/unefortalezaydesarrollo.com\/certificacion\/wp-content\/uploads\/2020\/07\/WhatsAppQR.jpeg\" alt=\"\" class=\"wp-image-827\" width=\"105\" height=\"105\" srcset=\"https:\/\/unefortalezaydesarrollo.com\/certificacion\/wp-content\/uploads\/2020\/07\/WhatsAppQR.jpeg 420w, https:\/\/unefortalezaydesarrollo.com\/certificacion\/wp-content\/uploads\/2020\/07\/WhatsAppQR-300x300.jpeg 300w, https:\/\/unefortalezaydesarrollo.com\/certificacion\/wp-content\/uploads\/2020\/07\/WhatsAppQR-150x150.jpeg 150w, https:\/\/unefortalezaydesarrollo.com\/certificacion\/wp-content\/uploads\/2020\/07\/WhatsAppQR-296x296.jpeg 296w, https:\/\/unefortalezaydesarrollo.com\/certificacion\/wp-content\/uploads\/2020\/07\/WhatsAppQR-100x100.jpeg 100w\" sizes=\"auto, (max-width: 105px) 100vw, 105px\" \/><\/figure><\/div>\n\n\n\n<p>Si usted desea hablar con nosotros, puede hacerlo a trav\u00e9s del tel\u00e9fono 55 655 33 890 o por WhatsApp.<\/p>\n","protected":false},"excerpt":{"rendered":"<p>T\u00e9rminos y condiciones Sobre los pagos en nuestra tienda en l\u00ednea Cu\u00e1les son los medios de pago que puede utilizar Por el momento s\u00f3lo estamos recibiendo pagos por medio de transferencias (puede utilizar su aplicaci\u00f3n bancaria o depositar en tiendas de conveniencia). Cuando se requiere podemos generar \u00f3rdenes de pago<\/p>\n","protected":false},"author":1,"featured_media":857,"parent":0,"menu_order":0,"comment_status":"closed","ping_status":"closed","template":"","meta":{"_coblocks_attr":"","_coblocks_dimensions":"","_coblocks_responsive_height":"","_coblocks_accordion_ie_support":"","_tutorstarter_page_metadata":[],"footnotes":""},"class_list":["post-826","page","type-page","status-publish","has-post-thumbnail","hentry"],"jetpack_sharing_enabled":true,"_links":{"self":[{"href":"https:\/\/unefortalezaydesarrollo.com\/certificacion\/wp-json\/wp\/v2\/pages\/826","targetHints":{"allow":["GET"]}}],"collection":[{"href":"https:\/\/unefortalezaydesarrollo.com\/certificacion\/wp-json\/wp\/v2\/pages"}],"about":[{"href":"https:\/\/unefortalezaydesarrollo.com\/certificacion\/wp-json\/wp\/v2\/types\/page"}],"author":[{"embeddable":true,"href":"https:\/\/unefortalezaydesarrollo.com\/certificacion\/wp-json\/wp\/v2\/users\/1"}],"replies":[{"embeddable":true,"href":"https:\/\/unefortalezaydesarrollo.com\/certificacion\/wp-json\/wp\/v2\/comments?post=826"}],"version-history":[{"count":2,"href":"https:\/\/unefortalezaydesarrollo.com\/certificacion\/wp-json\/wp\/v2\/pages\/826\/revisions"}],"predecessor-version":[{"id":858,"href":"https:\/\/unefortalezaydesarrollo.com\/certificacion\/wp-json\/wp\/v2\/pages\/826\/revisions\/858"}],"wp:featuredmedia":[{"embeddable":true,"href":"https:\/\/unefortalezaydesarrollo.com\/certificacion\/wp-json\/wp\/v2\/media\/857"}],"wp:attachment":[{"href":"https:\/\/unefortalezaydesarrollo.com\/certificacion\/wp-json\/wp\/v2\/media?parent=826"}],"curies":[{"name":"wp","href":"https:\/\/api.w.org\/{rel}","templated":true}]}}